{"id":1555,"date":"2026-03-28T12:05:25","date_gmt":"2026-03-28T12:05:25","guid":{"rendered":"https:\/\/2026.ncmrcongress.org.tr\/?page_id=1555"},"modified":"2026-04-03T06:47:30","modified_gmt":"2026-04-03T06:47:30","slug":"organization-committee-2","status":"publish","type":"page","link":"https:\/\/2026.ncmrcongress.org.tr\/index.php\/organization-committee-2\/","title":{"rendered":"Organ\u0131zat\u0131on Comm\u0131ttee"},"content":{"rendered":"\n<h2 class=\"wp-block-heading has-text-align-center\"><strong>Honor Committee<\/strong><\/h2>\n\n\n\n<p class=\"has-text-align-center\"><strong>Prof. Dr. Ahmet Hamdi TOPAL<\/strong><\/p>\n\n\n\n<p class=\"has-text-align-center\">Rector of Kastamonu University<\/p>\n\n\n\n<p class=\"has-text-align-center\">*<\/p>\n\n\n\n<p class=\"has-text-align-center\"><strong>Prof. Dr. Ahmet AVCI<\/strong><\/p>\n\n\n\n<p class=\"has-text-align-center\">Dean of Kastamonu University Faculty of Medicine<\/p>\n\n\n\n<p class=\"has-text-align-center\">*<\/p>\n\n\n\n<h2 class=\"wp-block-heading has-text-align-center\">Organization Committee<\/h2>\n\n\n\n<p class=\"has-text-align-center\"><strong><strong><strong>Assoc. Prof. Dr<\/strong><\/strong> Yener YAZ\u011eAN<\/strong><\/p>\n\n\n\n<p class=\"has-text-align-center\">Department of Biophysics, Faculty of Medicine, Kastamonu University<\/p>\n\n\n\n<p class=\"has-text-align-center\">Chairman of the Congress<\/p>\n\n\n\n<p class=\"has-text-align-center\"><strong><strong>Assoc. Prof. Dr<\/strong> Kenan YILDIZHAN&nbsp;<\/strong><\/p>\n\n\n\n<p class=\"has-text-align-center\">Department of Biophysics, Faculty of Medicine, Van Yuzuncu Y\u0131l University<\/p>\n\n\n\n<p class=\"has-text-align-center\">Vice Chairman of the Congress<\/p>\n\n\n\n<p class=\"has-text-align-center\">*<\/p>\n\n\n\n<p class=\"has-text-align-center\"><strong><strong>Prof. Dr.<\/strong> \u00d6mer \u00c7EL\u0130K&nbsp;<\/strong><\/p>\n\n\n\n<p class=\"has-text-align-center\">Department of Biophysics, Faculty of Medicine, Suleyman Demirel University<\/p>\n\n\n\n<p class=\"has-text-align-center\"><strong><strong><strong><strong>Assist. Prof. Dr.<\/strong> <\/strong><\/strong> Ahmi \u00d6Z&nbsp;<\/strong><\/p>\n\n\n\n<p class=\"has-text-align-center\">Department of Biophysics, Faculty of Medicine, Suleyman Demirel University<\/p>\n\n\n\n<p class=\"has-text-align-center\">*<\/p>\n\n\n\n<p class=\"has-text-align-center\"><strong><strong>Prof. Dr.<\/strong> Abd\u00fclhadi Cihangir U\u011eUZ<\/strong><\/p>\n\n\n\n<p class=\"has-text-align-center\">Department of Biophysics, Faculty of Medicine, Karamano\u011flu Mehmetbey University<\/p>\n\n\n\n<p class=\"has-text-align-center\">*<\/p>\n\n\n\n<p class=\"has-text-align-center\"><strong><strong>Prof. Dr.<\/strong> Sefa ERT\u00dcRK&nbsp;<\/strong><\/p>\n\n\n\n<p class=\"has-text-align-center\">Department of Biophysics, Faculty of Medicine, Ni\u011fde \u00d6mer Halisdemir University<\/p>\n\n\n\n<p class=\"has-text-align-center\">*<\/p>\n\n\n\n<p class=\"has-text-align-center\"><strong><strong>Prof. Dr<\/strong> Mustafa Tu\u011ffan B\u0130LKAN&nbsp;<\/strong><\/p>\n\n\n\n<p class=\"has-text-align-center\">Department of Biophysics, Faculty of Medicine, <em>Tokat Gaziosmanpasa<\/em> University<\/p>\n\n\n\n<p class=\"has-text-align-center\"><strong><strong>Assoc. Prof. Dr<\/strong> Mehmet AYKUR&nbsp;<\/strong><\/p>\n\n\n\n<p class=\"has-text-align-center\">Department of Parasitology, Faculty of Medicine, <em>Tokat Gaziosmanpasa<\/em> University<\/p>\n\n\n\n<p class=\"has-text-align-center\">*<\/p>\n\n\n\n<p class=\"has-text-align-center\"><strong>Assoc. Prof. Dr. Ahmet \u015eevki TA\u015eKIRAN<\/strong><\/p>\n\n\n\n<p class=\"has-text-align-center\">Department of Physiology, Faculty of Medicine, Cumhuriyet University<\/p>\n\n\n\n<p class=\"has-text-align-center\">*<\/p>\n\n\n\n<p class=\"has-text-align-center\"><strong><strong><strong><strong>Assoc. Prof. Dr<\/strong>.<\/strong><\/strong> \u0130shak Suat \u00d6VEY<\/strong><\/p>\n\n\n\n<p class=\"has-text-align-center\">Department of Physiology, Faculty of Medicine, Alanya Alaaddin Keykubat University<\/p>\n\n\n\n<p class=\"has-text-align-center\"><strong><strong><strong><strong>Assoc. Prof. Dr<\/strong>.<\/strong><\/strong> Asl\u0131nur SIRCAN K\u00dc\u00c7\u00dcKSAYAN<\/strong><\/p>\n\n\n\n<p class=\"has-text-align-center\">Department of Biophysics, Faculty of Medicine, Alanya Alaaddin Keykubat University<\/p>\n\n\n\n<p class=\"has-text-align-center\">*<\/p>\n\n\n\n<p class=\"has-text-align-center\"><strong>Assoc. Prof. Dr. Ayd\u0131n Sinan APAYDIN<\/strong><\/p>\n\n\n\n<p class=\"has-text-align-center\">Department of Neurosurgery, Faculty of Medicine, Karab\u00fck University<\/p>\n\n\n\n<p class=\"has-text-align-center\">*<\/p>\n\n\n\n<p class=\"has-text-align-center\"><strong><strong><strong>Assoc. Prof. Dr<\/strong><\/strong><\/strong>.<strong>&nbsp;K\u0131ymet K\u00fcbra T\u00dcFEKC\u0130<\/strong><\/p>\n\n\n\n<p class=\"has-text-align-center\">Department of Histology-Embryology, Faculty of Medicine, Kastamonu University<\/p>\n\n\n\n<p class=\"has-text-align-center\"><strong><strong>Assist. Prof. Dr.<\/strong> Bet\u00fcl YAZ\u011eAN <\/strong><\/p>\n\n\n\n<p class=\"has-text-align-center\">Department of Physiology, Faculty of Medicine, Kastamonu University<\/p>\n\n\n\n<p class=\"has-text-align-center\">*<\/p>\n\n\n\n<p class=\"has-text-align-center\"><strong><strong>Assist. Prof. Dr.<\/strong> Ramazan \u00c7INAR<\/strong><\/p>\n\n\n\n<p class=\"has-text-align-center\">Department of Biophysics, Faculty of Medicine, Bilecik \u015eeyh Edebali University<\/p>\n\n\n\n<p><\/p>\n","protected":false},"excerpt":{"rendered":"<p>Honor Committee Prof. Dr. Ahmet Hamdi TOPAL Rector of Kastamonu University * Prof. Dr. Ahmet AVCI Dean of Kastamonu University Faculty of Medicine * Organization Committee Assoc. Prof. Dr Yener &#8230;<\/p>\n","protected":false},"author":1,"featured_media":0,"parent":0,"menu_order":0,"comment_status":"closed","ping_status":"closed","template":"","meta":{"footnotes":""},"class_list":["post-1555","page","type-page","status-publish","hentry"],"_links":{"self":[{"href":"https:\/\/2026.ncmrcongress.org.tr\/index.php\/wp-json\/wp\/v2\/pages\/1555","targetHints":{"allow":["GET"]}}],"collection":[{"href":"https:\/\/2026.ncmrcongress.org.tr\/index.php\/wp-json\/wp\/v2\/pages"}],"about":[{"href":"https:\/\/2026.ncmrcongress.org.tr\/index.php\/wp-json\/wp\/v2\/types\/page"}],"author":[{"embeddable":true,"href":"https:\/\/2026.ncmrcongress.org.tr\/index.php\/wp-json\/wp\/v2\/users\/1"}],"replies":[{"embeddable":true,"href":"https:\/\/2026.ncmrcongress.org.tr\/index.php\/wp-json\/wp\/v2\/comments?post=1555"}],"version-history":[{"count":25,"href":"https:\/\/2026.ncmrcongress.org.tr\/index.php\/wp-json\/wp\/v2\/pages\/1555\/revisions"}],"predecessor-version":[{"id":1770,"href":"https:\/\/2026.ncmrcongress.org.tr\/index.php\/wp-json\/wp\/v2\/pages\/1555\/revisions\/1770"}],"wp:attachment":[{"href":"https:\/\/2026.ncmrcongress.org.tr\/index.php\/wp-json\/wp\/v2\/media?parent=1555"}],"curies":[{"name":"wp","href":"https:\/\/api.w.org\/{rel}","templated":true}]}}