{"id":1558,"date":"2026-03-28T12:13:47","date_gmt":"2026-03-28T12:13:47","guid":{"rendered":"https:\/\/2026.ncmrcongress.org.tr\/?page_id=1558"},"modified":"2026-04-16T08:32:35","modified_gmt":"2026-04-16T08:32:35","slug":"local-regulatory-committee","status":"publish","type":"page","link":"https:\/\/2026.ncmrcongress.org.tr\/index.php\/local-regulatory-committee\/","title":{"rendered":"Local Regulatory Comm\u0131ttee"},"content":{"rendered":"\n<p><\/p>\n\n\n\n<p class=\"has-text-align-center\"><strong>Assoc. Prof. Dr&nbsp;Yener YAZ\u011eAN<\/strong><\/p>\n\n\n\n<p class=\"has-text-align-center\">Department of Biophysics, Faculty of Medicine, Kastamonu University<\/p>\n\n\n\n<p class=\"has-text-align-center\">Congress Academic Representative<\/p>\n\n\n\n<p class=\"has-text-align-center\">Chairman of the Local Congress<\/p>\n\n\n\n<p class=\"has-text-align-center\">*<\/p>\n\n\n\n<p class=\"has-text-align-center\"><strong>Assist. Prof. Dr.&nbsp;Bet\u00fcl YAZ\u011eAN<\/strong><\/p>\n\n\n\n<p class=\"has-text-align-center\">Department of Physiology, Faculty of Medicine, Kastamonu University<\/p>\n\n\n\n<p class=\"has-text-align-center\">Vice Chairman of the Local Congress<\/p>\n\n\n\n<p class=\"has-text-align-center\">*<\/p>\n\n\n\n<p class=\"has-text-align-center\"><strong>Assoc. Prof. Dr<\/strong>.<strong>&nbsp;K\u0131ymet K\u00fcbra T\u00dcFEKC\u0130<\/strong><\/p>\n\n\n\n<p class=\"has-text-align-center\">Department of Histology-Embryology, Faculty of Medicine, Kastamonu University<\/p>\n\n\n\n<p class=\"has-text-align-center\"><strong>Assoc. Prof. Dr<\/strong>.<strong>&nbsp;<strong>U\u011fur AKPULAT<\/strong><\/strong><\/p>\n\n\n\n<p class=\"has-text-align-center\">Department of Medical Biology, Faculty of Medicine, Kastamonu University<\/p>\n\n\n\n<p class=\"has-text-align-center\"><strong>Assoc. Prof. Dr<\/strong>.<strong>&nbsp;<strong>Sedat G\u00dcLTEN<\/strong><\/strong><\/p>\n\n\n\n<p class=\"has-text-align-center\">Department of Medical Biochemistry, Faculty of Medicine, Kastamonu University<\/p>\n\n\n\n<p class=\"has-text-align-center\"><strong>Assoc. Prof. Dr<\/strong>.<strong>&nbsp;<strong>\u0130dris KOCAT\u00dcRK<\/strong><\/strong><\/p>\n\n\n\n<p class=\"has-text-align-center\">Department of Neurology, Faculty of Medicine, Kastamonu University<\/p>\n\n\n\n<p class=\"has-text-align-center\"><strong>Assoc. Prof. Dr<\/strong>.<strong>&nbsp;<strong><strong>\u0130rfan \u00c7INAR<\/strong><\/strong><\/strong><\/p>\n\n\n\n<p class=\"has-text-align-center\">Department of Medical Pharmacology<strong>,<\/strong> Faculty of Medicine, Kastamonu University<\/p>\n\n\n\n<p class=\"has-text-align-center\"><strong>Assoc. Prof. Dr<\/strong>.<strong>&nbsp;<strong><strong><strong>\u00c7i\u011fdem SEV\u0130M<\/strong><\/strong><\/strong><\/strong><\/p>\n\n\n\n<p class=\"has-text-align-center\">Department of Medical Pharmacology<strong>,<\/strong> Faculty of Medicine, Kastamonu University<\/p>\n\n\n\n<p class=\"has-text-align-center\"><strong><strong>Assist. Prof. Dr.<\/strong><\/strong> <strong><strong><strong><strong>Murat Ali \u00c7\u0130\u00c7EKLER<\/strong><\/strong><\/strong><\/strong><\/p>\n\n\n\n<p class=\"has-text-align-center\">Department of Medical Pharmacology<strong>,<\/strong> Faculty of Medicine, Kastamonu University<\/p>\n\n\n\n<p class=\"has-text-align-center\"><strong>Assist. Prof. Dr.&nbsp;<strong><strong>Enis Fuat T\u00dcFEKC\u0130<\/strong><\/strong><\/strong><\/p>\n\n\n\n<p class=\"has-text-align-center\">Department of Medical Microbiology, Faculty of Medicine, Kastamonu University<\/p>\n\n\n\n<p class=\"has-text-align-center\"><strong><strong>Assist. Prof. Dr.<\/strong><\/strong>.<strong>&nbsp;<strong><strong>Hakan K\u00dc\u00c7\u00dcKSAYAN<\/strong><\/strong><\/strong><\/p>\n\n\n\n<p class=\"has-text-align-center\">Department of Medical Biology, Faculty of Medicine, Kastamonu University<\/p>\n","protected":false},"excerpt":{"rendered":"<p>Assoc. Prof. Dr&nbsp;Yener YAZ\u011eAN Department of Biophysics, Faculty of Medicine, Kastamonu University Congress Academic Representative Chairman of the Local Congress * Assist. Prof. Dr.&nbsp;Bet\u00fcl YAZ\u011eAN Department of Physiology, Faculty of &#8230;<\/p>\n","protected":false},"author":1,"featured_media":0,"parent":0,"menu_order":0,"comment_status":"closed","ping_status":"closed","template":"","meta":{"footnotes":""},"class_list":["post-1558","page","type-page","status-publish","hentry"],"_links":{"self":[{"href":"https:\/\/2026.ncmrcongress.org.tr\/index.php\/wp-json\/wp\/v2\/pages\/1558","targetHints":{"allow":["GET"]}}],"collection":[{"href":"https:\/\/2026.ncmrcongress.org.tr\/index.php\/wp-json\/wp\/v2\/pages"}],"about":[{"href":"https:\/\/2026.ncmrcongress.org.tr\/index.php\/wp-json\/wp\/v2\/types\/page"}],"author":[{"embeddable":true,"href":"https:\/\/2026.ncmrcongress.org.tr\/index.php\/wp-json\/wp\/v2\/users\/1"}],"replies":[{"embeddable":true,"href":"https:\/\/2026.ncmrcongress.org.tr\/index.php\/wp-json\/wp\/v2\/comments?post=1558"}],"version-history":[{"count":15,"href":"https:\/\/2026.ncmrcongress.org.tr\/index.php\/wp-json\/wp\/v2\/pages\/1558\/revisions"}],"predecessor-version":[{"id":1852,"href":"https:\/\/2026.ncmrcongress.org.tr\/index.php\/wp-json\/wp\/v2\/pages\/1558\/revisions\/1852"}],"wp:attachment":[{"href":"https:\/\/2026.ncmrcongress.org.tr\/index.php\/wp-json\/wp\/v2\/media?parent=1558"}],"curies":[{"name":"wp","href":"https:\/\/api.w.org\/{rel}","templated":true}]}}